{"id":86,"date":"2024-10-30T19:14:19","date_gmt":"2024-10-30T18:14:19","guid":{"rendered":"https:\/\/wp.ola-stromberg.se\/?page_id=86"},"modified":"2024-11-06T18:55:55","modified_gmt":"2024-11-06T17:55:55","slug":"mer-om-oss-och-hur-aterfallet-borjade","status":"publish","type":"page","link":"https:\/\/wp.ola-stromberg.se\/index.php\/exempelsida\/mer-om-oss-och-hur-aterfallet-borjade\/","title":{"rendered":"Starten"},"content":{"rendered":"\n<p>Redan p\u00e5 1960 talet b\u00f6rjade intresset f\u00f6r Ola. Det b\u00f6rjade med att han och <strong>Hans Sj\u00f6str\u00f6m<\/strong> blev medlemmar i Nora Motorklubb. D\u00e5 anordnades det ofta sm\u00e5 klubbt\u00e4vlingar i \u00d6rebrotraktens m\u00e5nga grusgropar. D\u00e4r startade hans t\u00e4vlingskarri\u00e4r och k\u00e4rlek till sporten med en Volvo 544 PV B16.<\/p>\n\n\n\n<figure class=\"wp-block-image size-full is-resized\"><img loading=\"lazy\" decoding=\"async\" width=\"600\" height=\"500\" src=\"https:\/\/ola-stromberg.se\/wp-content\/uploads\/2024\/10\/PV_1.png\" alt=\"\" class=\"wp-image-87\" style=\"width:672px;height:auto\" srcset=\"https:\/\/wp.ola-stromberg.se\/wp-content\/uploads\/2024\/10\/PV_1.png 600w, https:\/\/wp.ola-stromberg.se\/wp-content\/uploads\/2024\/10\/PV_1-300x250.png 300w\" sizes=\"auto, (max-width: 600px) 100vw, 600px\" \/><\/figure>\n\n\n\n<div class=\"wp-block-columns is-layout-flex wp-container-core-columns-is-layout-9d6595d7 wp-block-columns-is-layout-flex\">\n<div class=\"wp-block-column is-layout-flow wp-block-column-is-layout-flow\">\n<p><strong><a href=\"https:\/\/ola-stromberg.se\/index.php\/aterfallet\/\" data-type=\"page\" data-id=\"111\">Forts H\u00c4R.<\/a><\/strong><\/p>\n<\/div>\n\n\n\n<div class=\"wp-block-column is-layout-flow wp-block-column-is-layout-flow\">\n<p><strong><a href=\"https:\/\/wp.ola-stromberg.se\/index.php\/foton-fore-std-b\/\" data-type=\"page\" data-id=\"325\">Mer Historia H\u00c4R<\/a><\/strong><\/p>\n<\/div>\n\n\n\n<div class=\"wp-block-column is-layout-flow wp-block-column-is-layout-flow\"><\/div>\n<\/div>\n\n\n\n<p><\/p>\n","protected":false},"excerpt":{"rendered":"<p>Redan p\u00e5 1960 talet b\u00f6rjade intresset f\u00f6r Ola. Det b\u00f6rjade med att han och Hans Sj\u00f6str\u00f6m blev medlemmar i Nora Motorklubb. D\u00e5 anordnades det ofta sm\u00e5 klubbt\u00e4vlingar i \u00d6rebrotraktens m\u00e5nga grusgropar. D\u00e4r startade hans t\u00e4vlingskarri\u00e4r och k\u00e4rlek till sporten med &hellip; <a href=\"https:\/\/wp.ola-stromberg.se\/index.php\/exempelsida\/mer-om-oss-och-hur-aterfallet-borjade\/\">Forts\u00e4tt l\u00e4sa <span class=\"meta-nav\">&rarr;<\/span><\/a><\/p>\n","protected":false},"author":1,"featured_media":0,"parent":2,"menu_order":0,"comment_status":"closed","ping_status":"closed","template":"","meta":{"ngg_post_thumbnail":0,"footnotes":""},"class_list":["post-86","page","type-page","status-publish","hentry"],"_links":{"self":[{"href":"https:\/\/wp.ola-stromberg.se\/index.php\/wp-json\/wp\/v2\/pages\/86","targetHints":{"allow":["GET"]}}],"collection":[{"href":"https:\/\/wp.ola-stromberg.se\/index.php\/wp-json\/wp\/v2\/pages"}],"about":[{"href":"https:\/\/wp.ola-stromberg.se\/index.php\/wp-json\/wp\/v2\/types\/page"}],"author":[{"embeddable":true,"href":"https:\/\/wp.ola-stromberg.se\/index.php\/wp-json\/wp\/v2\/users\/1"}],"replies":[{"embeddable":true,"href":"https:\/\/wp.ola-stromberg.se\/index.php\/wp-json\/wp\/v2\/comments?post=86"}],"version-history":[{"count":12,"href":"https:\/\/wp.ola-stromberg.se\/index.php\/wp-json\/wp\/v2\/pages\/86\/revisions"}],"predecessor-version":[{"id":863,"href":"https:\/\/wp.ola-stromberg.se\/index.php\/wp-json\/wp\/v2\/pages\/86\/revisions\/863"}],"up":[{"embeddable":true,"href":"https:\/\/wp.ola-stromberg.se\/index.php\/wp-json\/wp\/v2\/pages\/2"}],"wp:attachment":[{"href":"https:\/\/wp.ola-stromberg.se\/index.php\/wp-json\/wp\/v2\/media?parent=86"}],"curies":[{"name":"wp","href":"https:\/\/api.w.org\/{rel}","templated":true}]}}